9659 is divided by 2184.
3
Calculate the remainder when 27713 is divided by 45.
38
What is the remainder when 147977 is divided by 268?
41
Calculate the remainder when 4548685 is divided by 311.
310
What is the remainder when 1974 is divided by 260?
154
What is the remainder when 1012505 is divided by 6?
5
Calculate the remainder when 60892 is divided by 176.
172
Calculate the remainder when 883 is divided by 378.
127
Calculate the remainder when 77329 is divided by 38638.
53
Calculate the remainder when 12219 is divided by 14.
11
Calculate the remainder when 6619 is divided by 3291.
37
Calculate the remainder when 2307 is divided by 74.
13
What is the remainder when 129745 is divided by 189?
91
Calculate the remainder when 4481 is divided by 200.
81
What is the remainder when 3615 is divided by 1705?
205
Calculate the remainder when 35777 is divided by 37.
35
What is the remainder when 43966 is divided by 22?
10
What is the remainder when 1858 is divided by 119?
73
What is the remainder when 670 is divided by 330?
10
What is the remainder when 153312 is divided by 38323?
20
What is the remainder when 6248 is divided by 27?
11
What is the remainder when 71762 is divided by 170?
22
Calculate the remainder when 728 is divided by 279.
170
Calculate the remainder when 45017 is divided by 333.
62
Calculate the remainder when 3126 is divided by 1461.
204
What is the remainder when 69131 is divided by 3?
2
Calculate the remainder when 10577 is divided by 133.
70
Calculate the remainder when 4816 is divided by 76.
28
Calculate the remainder when 22338 is divided by 4936.
2594
What is the remainder when 866 is divided by 419?
28
Calculate the remainder when 8280 is divided by 459.
18
Calculate the remainder when 23829 is divided by 7900.
129
What is the remainder when 1262625 is divided by 243?
240
What is the remainder when 173221 is divided by 19?
17
Calculate the remainder when 13917 is divided by 51.
45
What is the remainder when 281007 is divided by 13?
12
Calculate the remainder when 94741 is divided by 2203.
12
What is the remainder when 338709 is divided by 195?
189
What is the remainder when 1892 is divided by 531?
299
What is the remainder when 18463 is divided by 1868?
1651
Calculate the remainder when 1446 is divided by 4.
2
What is the remainder when 3105 is divided by 2691?
414
Calculate the remainder when 45065 is divided by 60.
5
What is the remainder when 655 is divided by 135?
115
What is the remainder when 4595 is divided by 1081?
271
Calculate the remainder when 3111 is divided by 1505.
101
Calculate the remainder when 4348 is divided by 1418.
94
What is the remainder when 4101 is divided by 1020?
21
What is the remainder when 12278 is divided by 1362?
20
What is the remainder when 5945 is divided by 285?
245
What is the remainder when 21288 is divided by 10634?
20
What is the remainder when 338 is divided by 273?
65
What is the remainder when 32277 is divided by 380?
357
Calculate the remainder when 115850 is divided by 56.
42
What is the remainder when 17466 is divided by 78?
72
What is the remainder when 13237 is divided by 66?
37
What is the remainder when 52156 is divided by 652?
648
Calculate the remainder when 34569 is divided by 38.
27
What is the remainder when 60315 is divided by 130?
125
What is the remainder when 1107 is divided by 137?
11
What is the remainder when 4593 is divided by 1126?
89
Calculate the remainder when 15029 is divided by 2504.
5
Calculate the remainder when 178011 is divided by 78.
15
Calculate the remainder when 354 is divided by 5.
4
Calculate the remainder when 137518 is divided by 16.
14
Calculate the remainder when 6388 is divided by 888.
172
What is the remainder when 53445 is divided by 12?
9
What is the remainder when 24830 is divided by 605?
25
What is the remainder when 2731 is divided by 2671?
60
What is the remainder when 420080 is divided by 3?
2
What is the remainder when 22530 is divided by 87?
84
Calculate the remainder when 8898 is divided by 495.
483
What is the remainder when 1275 is divided by 210?
15
Calculate the remainder when 107047 is divided by 37.
6
What is the remainder when 92711 is divided by 635?
1
What is the remainder when 8738 is divided by 1107?
989
What is the remainder when 17071 is divided by 39?
28
Calculate the remainder when 785 is divided by 262.
261
Calculate the remainder when 3160 is divided by 1526.
108
Calculate the remainder when 453 is divided by 82.
43
What is the remainder when 10937 is divided by 2175?
62
What is the remainder when 11966 is divided by 5933?
100
What is the remainder when 5630 is divided by 47?
37
Calculate the remainder when 262268 is divided by 1318.
1304
What is the remainder when 10171 is divided by 132?
7
Calculate the remainder when 16115 is divided by 15.
5
Calculate the remainder when 29867 is divided by 594.
167
What is the remainder when 1937 is divided by 629?
50
Calculate the remainder when 1187196 is divided by 118.
116
Calculate the remainder when 11500 is divided by 54.
52
Calculate the remainder when 699532 is divided by 286.
262
Calculate the remainder when 773 is divided by 67.
36
What is the remainder when 10215 is divided by 2519?
139
Calculate the remainder when 3789 is divided by 1373.
1043
Calculate the remainder when 20753 is divided by 169.
135
Calculate the remainder when 52699 is divided by 72.
67
Calculate the remainder when 35426 is divided by 56.
34
Calculate the remainder when 1346201 is divided by 32.
25
What is the remainder when 1639804 is divided by 29?
28
Calculate the remainder when 508 is divided by 197.
114
What is the remainder when 53606 is divided by 26794?
18
What is the remainder when 1930 is divided by 1026?
904
What is the remainder when 3342 is divided by 604?
322
Calculate the remainder when 222578 is divided by 718.
716
Calculate the remainder when 34782 is divided by 45.
42
What is the remainder when 4003 is divided by 250?
3
What is the remainder when 61467 is divided by 5577?
120
What is the remainder when 29816 is divided by 9935?
11
Calculate the remainder when 1450 is divided by 1326.
124
What is the remainder when 2069 is divided by 9?
8
Calculate the remainder when 8126637 is divided by 60.
57
Calculate the remainder when 3345 is divided by 825.
45
Calculate the remainder when 13875 is divided by 769.
33
What is the remainder when 31867 is divided by 15915?
37
Calculate the remainder when 51141 is divided by 51128.
13
Calculate the remainder when 288530 is divided by 18.
8
What is the remainder when 23109 is divided by 7409?
882
What is the remainder when 10015 is divided by 908?
27
What is the remainder when 252424 is divided by 38?
28
What is the remainder when 119237 is divided by 29809?
1
Calculate the remainder when 1066 is divided by 872.
194
What is the remainder when 84151 is divided by 219?
55
What is the remainder when 4363 is divided by 3927?
436
Calculate the remainder when 42324 is divided by 67.
47
Calculate the remainder when 88377 is divided by 9.
6
What is the remainder when 14300 is divided by 281?
250
What is the remainder when 213667 is divided by 29?
24
Calculate the remainder when 9094 is divided by 113.
54
What is the remainder when 706935 is divided by 911?
910
What is the remainder when 963641 is divided by 40?
1
What is the remainder when 424314 is divided by 74?
72
Calculate the remainder when 1608 is divided by 1291.
317
What is the remainder when 13870 is divided by 89?
75
What is the remainder when 281782 is divided by 177?
175
What is the remainder when 2336 is divided by 69?
59
Calculate the remainder when 5216 is divided by 1705.
101
Calculate the remainder when 46724 is divided by 4239.
95
What is the remainder when 80786 is divided by 374?
2
Calculate the remainder when 22315 is divided by 84.
55
Calculate the remainder when 9823 is divided by 25.
23
What is the remainder when 8810 is divided by 1514?
1240
Calculate the remainder when 6467 is divided by 294.
293
What is the remainder when 84885 is divided by 28275?
60
What is the remainder when 5876 is divided by 327?
317
Calculate the remainder when 382119 is divided by 46.
43
Calculate the remainder when 12142 is divided by 6061.
20
What is the remainder when 121570 is divided by 17366?